 -397*l - 3*t = -399*l + 99214, 2*l = -t + 99238. What is the thousands digit of l?
9
Suppose 24*d - 50074 = 21*d + 2*a, 0 = -d + 5*a + 16674. What is the hundreds digit of d?
6
Let m(w) = -177*w - 139. Let t be m(-27). Suppose 1544 = 8*c - t. What is the units digit of c?
3
What is the ten thousands digit of (-32687)/(-3) - (-152)/(-228)?
1
Suppose 7*m - 70 = 7. Suppose -m*p - 114 = -14*p. Let f = p + -12. What is the units digit of f?
6
Let f be ((-72)/81)/(7/(-63)). Let t(z) = 6*z + 29 - 4*z + 6*z. What is the tens digit of t(f)?
9
Suppose 0 = 2*k - z - 13323, -4*z = -2*k + 10220 + 3088. What is the hundreds digit of k?
6
Let s = 71 + -72. What is the tens digit of s*(-294 - -7)/7?
4
Suppose 2*b + 81 = -175. Let x = 432 + b. What is the units digit of x?
4
Suppose -63149 = -13*x + 49730. What is the thousands digit of x?
8
Let r(f) = f + 28. Let u be r(-10). Suppose b - 5*n - 19 = 0, 4*n + u + 2 = -4*b. What is the units digit of b + (-78)/(-66) - (-1888)/22?
6
Let p be -135 - (-4 + 3)*20/(-5). Let h = -135 - p. Suppose 3*l + 631 = 4*u, -h*u + 797 = u - l. What is the hundreds digit of u?
1
Let h = 4168 - 1563. What is the units digit of h?
5
Suppose 38028 + 31860 = 16*o. Suppose 23*x - o - 25785 = 0. What is the units digit of x?
1
Let c(t) = 11*t + 2. Let b be c(3). Suppose 34*j - b*j - 9 = 0. What is the units digit of 492/9*j/(-6)?
2
Suppose 0 = 3*z + 2*z + 3*b - 435, -435 = -5*z - 4*b. Let a = 39 + z. What is the units digit of a?
6
Let c(t) = -2*t - 7. Let d be c(-4). Suppose d + 7 = 2*h. Suppose -2*w = -4*j - 138, -h*j + 8 = 4. What is the units digit of w?
1
Let u = 15121 - -1168. What is the ten thousands digit of u?
1
Let c(t) = 28*t**2 + 81*t + 82. What is the tens digit of c(-16)?
5
Let w(b) = 55*b**2 - 38*b - 1356. What is the hundreds digit of w(-23)?
6
Let x be 1094*(5 - (-45)/(-10)). What is the hundreds digit of x/2 + (-12)/8 + 0?
2
Let q be (4/(-6))/((-9)/(-81)). Let u = 4 + q. What is the tens digit of (-376)/(-12)*3*u/(-2)?
9
Let i be 2 - (-20)/(-4) - -28. Let l be (110/i)/((-6)/(-15)). Let t = 57 - l. What is the tens digit of t?
4
Let b(v) = -3*v**3 - 46*v**2 - 5*v + 49. What is the tens digit of b(-20)?
4
Suppose 268950 - 63028 = 22*m - 174040. What is the ten thousands digit of m?
1
Suppose 4*k = -13 + 5, 2*v - 66 = 3*k. What is the tens digit of 28950/v + -5 + 0?
6
Suppose 3*t - 244 = -4*h + 581, -h = -3*t - 225. Suppose -2*g = g + p + 127, h = -5*g - 2*p. Let l = 45 - g. What is the tens digit of l?
8
Let f = -28 - -26. Let o be 4 + f + (5 - 1). Suppose x - o = t + 18, 10 = 5*t. What is the units digit of x?
6
Suppose 5*s = -92 + 102. Suppose -s*o = -11*o + 8883. What is the tens digit of o?
8
Suppose g = -2*f + 3*f - 50, -2*g - 4*f = 88. Let o = -45 - g. What is the units digit of o/(6/206) - (-1 + 3)?
1
Let k(s) = -s**3 + 7*s**2 - 6*s - 5. Let h be k(5). Suppose 2*q = -q + h. Suppose -2*i - i + 9 = 0, -3*i = q*v - 499. What is the units digit of v?
8
What is the hundreds digit of 3*(10/(100/(-30)))/((-15)/101155)?
6
Suppose 0 = 4*n + 4, 0*n + 17833 = 3*a + 2*n. What is the units digit of a?
5
Let r = -353 + 357. Let d(j) = 58*j**2 + 13*j - 2. What is the tens digit of d(r)?
7
Let t = 4 + 1381. Suppose 0 = -w - 86 + t. What is the hundreds digit of w?
2
Suppose h = 8*h - 56. What is the hundreds digit of (-11556)/(-21) - h/28?
5
Let z(w) = 196*w**2 - 7*w - 5. Let i be z(-1). Suppose -4646 + i = -8*n. What is the hundreds digit of n?
5
Let b(p) = 3*p**3 - 13*p**2 + 3*p. What is the thousands digit of b(10)?
1
Suppose -4710 = 20*q - 10558 - 15572. What is the tens digit of q?
7
Suppose f = -3*f - 5*p + 7624, -f = -p - 1897. Suppose 10*w = 6131 - f. What is the tens digit of w?
2
Let x(l) be the second derivative of 53*l**4/12 + 5*l**3/6 + 5*l**2 - 46*l. What is the hundreds digit of x(-3)?
4
Let p = 13 + -28. Let q = 12 + p. What is the hundreds digit of 1 + q - (2 + 0 + -107)?
1
What is the units digit of 12/(-30)*223*30/(-12)?
3
Suppose 0 = -4*z + 5*w + 54, 5*z = -4*w + 9*w + 70. What is the hundreds digit of (4 - 72/z)*-1360?
6
Let u(z) = 119*z + 18. Let f be u(-3). Let a = 550 - f. What is the units digit of a?
9
Suppose 18 + 7 = 5*t. What is the units digit of 399 - (4 - t)/1?
0
Let o(r) = -2*r + 9. Suppose -w = 5*l - 2*l + 11, -3*l + 4*w = -14. What is the tens digit of o(l)?
1
Suppose 73*z = 27*z + 171626. What is the tens digit of z?
3
Let l(w) = 12*w - 6. Let x be l(8). Suppose r - 206 - x = 0. What is the units digit of r?
6
Let u be (-21)/(378/(-15816)) + 4/3. Suppose -10*k + u = -1140. What is the tens digit of k?
0
Let w(o) = 5*o**3 - 7*o**2 - 6*o - 14. Let h be w(6). Let b = -548 + h. What is the tens digit of b?
3
Let h(r) be the first derivative of r**4/12 - r**3 + 4*r**2 - 19*r - 9. Let o(z) be the first derivative of h(z). What is the units digit of o(-6)?
0
Let l be (34/119)/(1/7). Suppose 0 = 3*o + f - 1633, -4*o = -o + l*f - 1634. Suppose -4*y - 4*d + o = 0, -1 = 2*d + 3. What is the tens digit of y?
3
Suppose 2*y + k = 5*y - 5, -4*y - 6 = 5*k. Suppose 3*v - r = 170, -2*v + 177 = 5*r + 24. Let g = v - y. What is the units digit of g?
8
Let x = 4323 + 1046. What is the tens digit of x?
6
Suppose -4*b = m - 5659, 14161 + 8433 = 4*m + 2*b. Suppose m = 14*j - 1255. What is the hundreds digit of j?
4
Suppose 38*y + 501670 = 87*y - 802955. What is the hundreds digit of y?
6
Suppose -5*z = 4*m - 190563, 738 = 5*m + 753. What is the hundreds digit of z?
1
Let f be 2106/(-8) + (-2)/(-8). Let t be (-1)/(-5) - (-21)/(-5). What is the tens digit of f/t + 1 + (-6)/8?
6
Let p = 12023 - 6998. Suppose 0 = -9*w - 6*w + p. What is the units digit of w?
5
Suppose 219 = 6*y + 201. Suppose 3*r - 481 = h - 3*h, 3*r - y*h = 471. What is the tens digit of r?
5
Let b be 26/(-65) + (-3526)/10. Let p be 0/4 + 3 + -499. Let k = b - p. What is the tens digit of k?
4
Let r = 77579 + -37140. What is the hundreds digit of r?
4
Let j = -56 + 84. Let t be (j/35)/(1 - (-17)/(-15)). What is the units digit of ((-48)/2)/(t/8)?
2
Let h = -16886 + 69664. What is the ten thousands digit of h?
5
Let a be 0 + (-7)/(35/20) + 8. Suppose -57*x + 55*x + 582 = 2*q, 4*q - 1156 = a*x. What is the tens digit of q?
9
Suppose 2*f + c - 3407 = 0, 2*f - 3570 = 5*c - 157. What is the tens digit of f?
0
Let u = 7 - 1. Suppose 1317 = u*s - 2109. What is the units digit of s?
1
Suppose -3*a = 4*y - 17, -4*a = -8 - 4. Suppose 4*h + 2*r = -r + 1803, -y*h + 874 = -4*r. What is the tens digit of h?
4
Let w(t) be the third derivative of t**6/120 - t**5/30 - t**4/3 - 5*t**3/3 + 94*t**2 + 3. Let i(h) = h. Let v be i(6). What is the units digit of w(v)?
6
Suppose 4*n = 2*b - 2712, 3*n - 5413 = 2*b - 6*b. Let l = 1936 - b. What is the hundreds digit of l?
5
Suppose -10*o + 42 = 2. Suppose o*l - 2721 = -905. What is the units digit of l?
4
Suppose j + 3*j - 12 = 0. Suppose 4*q + j*z + 6 = 5*q, -z - 13 = -4*q. Suppose -2*l + 155 = -5*o, q*o + 303 = -0*l + 4*l. What is the tens digit of l?
7
Let b(d) = -9*d**2 - 298*d + 34. What is the hundreds digit of b(-18)?
4
Let k be 7/(8*(-5)/(-40)). Suppose k*o - 6432 = -o. What is the hundreds digit of o?
8
Suppose 0 = -m + 5*q + 39347, 5204*m + 39359 = 5205*m + q. What is the units digit of m?
7
Suppose -3*x + 12*j + 81670 = 8*j, -2*x - 4*j + 54420 = 0. What is the tens digit of x?
1
Suppose 185*f - 173*f + 27102 = 5*j, 2*j - f - 10856 = 0. What is the tens digit of j?
3
Suppose 3*y + 50*d - 125031 = 49*d, 4*y - 166651 = 5*d. What is the hundreds digit of y?
6
Let o(x) = -13*x + 151. Let l be o(11). Suppose 5*v - 5*f + 15 = 0, -23 = 3*v + 5*f + 26. What is the hundreds digit of (v - 772/l)*1*-2?
2
Let y be 1150/92*(-22)/5. What is the tens digit of 20432/20 - 22/y?
2
Suppose 11*n - 104079 = 28493. What is the hundreds digit of n?
0
Let w be -1*((-24)/18 - (-4)/3). Let k be (8 + w)/(924/234 - 4). What is the tens digit of (-2)/(-6)*-1*(-3 + k)?
5
Let d = 69306 - 48031. What is the hundreds digit of d?
2
Let m = -265 + 289. Let g(z) = -z**3 + 26*z**2 - 33*z - 2. What is the hundreds digit of g(m)?
3
Suppose 7*r = 2*r + 100. Suppose -5*i + 0*i = -4*s + 7, 5*i = -5*s + r. Suppose 574 = 10*n - s*n. What is the tens digit of n?
8
Let w(q) be the first derivative of q**3/3 + 5*q**2 + 848*q + 43. What is the tens digit of w(